e the highest common divisor of 133 and 76.
19
What is the highest common factor of 25 and 1325?
25
Calculate the highest common factor of 828 and 46.
46
What is the greatest common divisor of 700 and 1900?
100
What is the greatest common divisor of 208 and 351?
13
Calculate the highest common divisor of 19 and 12.
1
Calculate the highest common factor of 52 and 4.
4
What is the highest common divisor of 627 and 3344?
209
What is the highest common divisor of 2139 and 279?
93
Calculate the highest common factor of 231 and 330.
33
What is the highest common factor of 21 and 336?
21
What is the greatest common factor of 6099 and 171?
57
What is the highest common divisor of 551 and 1972?
29
What is the highest common factor of 2980 and 60?
20
Calculate the greatest common divisor of 26 and 117.
13
Calculate the greatest common factor of 212 and 49396.
212
Calculate the greatest common divisor of 15 and 475.
5
What is the highest common factor of 7 and 26278?
7
What is the greatest common factor of 513 and 57?
57
Calculate the highest common divisor of 784 and 56.
56
What is the greatest common factor of 720 and 45?
45
What is the greatest common factor of 38 and 31198?
38
Calculate the highest common divisor of 17628 and 113.
113
Calculate the highest common factor of 21 and 70.
7
What is the highest common factor of 178 and 1246?
178
What is the highest common divisor of 7 and 546?
7
What is the greatest common divisor of 660 and 60?
60
What is the highest common factor of 608 and 228?
76
Calculate the highest common divisor of 4 and 62.
2
Calculate the highest common factor of 23 and 92.
23
What is the highest common divisor of 16 and 308?
4
What is the greatest common factor of 182 and 1183?
91
What is the greatest common factor of 135 and 705?
15
Calculate the highest common divisor of 1528 and 56.
8
Calculate the highest common divisor of 25300 and 11.
11
Calculate the greatest common factor of 16 and 1024.
16
What is the greatest common factor of 364 and 156?
52
What is the highest common divisor of 2046 and 110?
22
Calculate the highest common divisor of 1600 and 1350.
50
What is the highest common factor of 48 and 960?
48
Calculate the greatest common divisor of 12 and 146352.
12
Calculate the greatest common factor of 34 and 289.
17
What is the greatest common divisor of 3 and 213?
3
What is the highest common divisor of 621 and 23?
23
What is the greatest common factor of 45 and 1773?
9
Calculate the highest common factor of 255 and 570.
15
What is the greatest common factor of 63 and 105?
21
Calculate the greatest common divisor of 7 and 1337.
7
Calculate the greatest common factor of 416 and 11856.
208
Calculate the greatest common factor of 51 and 5151.
51
What is the greatest common factor of 234 and 144?
18
What is the highest common factor of 20 and 740?
20
Calculate the greatest common divisor of 71 and 2556.
71
What is the greatest common factor of 1961 and 53?
53
Calculate the highest common factor of 118 and 295.
59
What is the highest common factor of 360 and 15?
15
What is the greatest common factor of 210 and 30?
30
What is the greatest common factor of 871 and 26?
13
What is the greatest common divisor of 12 and 564?
12
What is the greatest common factor of 315 and 45?
45
What is the highest common factor of 9700 and 100?
100
What is the highest common divisor of 18 and 1926?
18
What is the greatest common divisor of 72 and 6660?
36
What is the highest common factor of 69 and 54?
3
Calculate the highest common factor of 7293 and 13.
13
Calculate the highest common divisor of 305 and 2257.
61
What is the greatest common factor of 304 and 114?
38
What is the greatest common divisor of 48 and 372?
12
Calculate the highest common divisor of 143 and 22.
11
What is the highest common divisor of 56 and 2030?
14
What is the highest common divisor of 256 and 16?
16
What is the greatest common factor of 4 and 5116?
4
Calculate the greatest common divisor of 828 and 576.
36
What is the highest common factor of 784 and 154?
14
What is the highest common factor of 11 and 3190?
11
Calculate the highest common divisor of 17 and 187.
17
What is the highest common factor of 59 and 767?
59
What is the greatest common factor of 90652 and 262?
262
Calculate the greatest common divisor of 1017 and 87.
3
What is the greatest common factor of 82 and 2?
2
What is the greatest common divisor of 72 and 666?
18
Calculate the highest common factor of 123 and 328.
41
What is the greatest common factor of 555 and 15?
15
What is the highest common factor of 553 and 105?
7
What is the highest common factor of 128 and 10208?
32
What is the highest common factor of 329 and 4841?
47
What is the highest common factor of 162 and 468?
18
What is the greatest common divisor of 143 and 13?
13
What is the highest common divisor of 3125 and 375?
125
What is the highest common divisor of 943 and 123?
41
What is the highest common factor of 1573 and 52?
13
What is the greatest common factor of 26 and 3926?
26
Calculate the greatest common factor of 810 and 585.
45
Calculate the greatest common divisor of 12 and 1794.
6
What is the greatest common divisor of 31 and 4061?
31
What is the greatest common factor of 441 and 609?
21
Calculate the greatest common factor of 48 and 20.
4
What is the highest common factor of 384 and 24?
24
What is the highest common factor of 2 and 4226?
2
Calculate the greatest common divisor of 4614 and 6.
6
What is the greatest common factor of 276 and 18?
6
Calculate the highest common factor of 5700 and 24.
12
What is the greatest common divisor of 1139 and 134?
67
Calculate the highest common factor of 42 and 18438.
42
What is the highest common factor of 102 and 186?
6
What is the greatest common divisor of 16 and 1552?
16
Calculate the greatest common factor of 7743 and 534.
267
Calculate the greatest common factor of 506 and 110.
22
Calculate the greatest common factor of 1800 and 640.
40
Calculate the highest common divisor of 1815 and 231.
33
Calculate the greatest common divisor of 10058 and 94.
94
What is the highest common divisor of 874 and 38?
38
Calculate the greatest common factor of 198 and 12573.
99
What is the greatest common divisor of 128 and 1008?
16
Calculate the highest common divisor of 3125 and 1000.
125
What is the greatest common divisor of 3378 and 6?
6
Calculate the highest common factor of 432 and 594.
54
What is the greatest common factor of 1323 and 18?
9
Calculate the highest common divisor of 92 and 460.
92
Calculate the greatest common divisor of 147 and 12103.
49
What is the highest common divisor of 1243 and 22?
11
What is the highest common divisor of 136 and 24?
8
What is the greatest common divisor of 102 and 952?
34
Calculate the highest common factor of 923 and 71.
71
What is the greatest common factor of 117 and 45?
9
What is the highest common factor of 3260 and 20?
20
Calculate the highest common factor of 51 and 408.
51
What is the highest common factor of 20 and 110?
10
What is the highest common factor of 3417 and 12?
3
What is the highest common factor of 442 and 68?
34
What is the highest common factor of 48 and 3?
3
Calculate the highest common divisor of 5 and 10.
5
What is the highest common factor of 960 and 90?
30
What is the highest common factor of 15 and 1770?
15
What is the greatest common factor of 35 and 280?
35
What is the highest common factor of 56 and 200?
8
Calculate the highest common divisor of 512 and 7552.
128
Calculate the greatest common divisor of 22 and 280.
2
What is the highest common factor of 3944 and 812?
116
Calculate the highest common factor of 28 and 1316.
28
What is the highest common factor of 422 and 44?
2
What is the highest common factor of 111 and 2553?
111
What is the highest common divisor of 374 and 44?
22
What is the greatest common divisor of 5 and 5?
5
Calculate the highest common divisor of 704 and 320.
64
Calculate the greatest common factor of 55 and 143.
11
Calculate the highest common factor of 442 and 1.
1
What is the greatest common divisor of 1326 and 1632?
102
What is the highest common factor of 1530 and 342?
18
Calculate the greatest common divisor of 78 and 3471.
39
Calculate the greatest common divisor of 26 and 598.
26
Calculat